 b be a(8). Let f(z) = -z**2 + 8*z - 7. What is the units digit of f(b)?
5
Suppose 2*v - 2 = 0, 5*v - 10 = -3*z + 2*z. Suppose 3*u = -u + 40. Suppose 2*d = -4*l + u, -35 = -l - l + z*d. What is the units digit of l?
5
Let r be 16/28*14/4. Suppose 0 = -f + 20 + 8. Suppose -4*c - f = -3*w - 0, -2*w = r*c. What is the units digit of w?
4
Let o = 74 + -76. Let i(c) = c - 2. Let k(m) = -3*m + 3. Let x(f) = 7*i(f) + 4*k(f). What is the units digit of x(o)?
8
Let n(z) = -2*z**2 + 4*z + 1. Let t be n(3). Let r = 39 + t. What is the tens digit of r?
3
Let j(l) = -5*l**3 - l**2 + 1. Let h be j(-1). Let z be (h/2)/(2/(-4)). What is the units digit of ((-4)/z)/((-4)/(-20))?
4
Let j be 5/1 + (-14)/7. Suppose m - j = 10. What is the units digit of m?
3
Let q(a) = 3*a - 4. Let l be q(3). Suppose 7*i - 8 = l*i. Suppose -1 = 2*w + 5*n, -2*n = -i*w + n + 11. What is the units digit of w?
2
Suppose -7*d = -2*d - 30. Suppose -b - 3 = -d. What is the units digit of ((-24)/b)/(-2) - -1?
5
Let r(k) = k**3 + 7*k**2 - 3*k - 8. Let a be r(-7). Suppose -5*i + 7 = 4*g - a, -10 = i - 2*g. Suppose i = 3*t - 7*t + 40. What is the units digit of t?
0
Let i be -4*(3/4)/(-1). Let a be (i - 2)*-2 + 7. Suppose 4*d - 35 = -2*h - 13, -44 = -4*h - a*d. What is the tens digit of h?
1
Suppose 63 = 4*m - 89. What is the tens digit of m?
3
Let h(q) = q**2 - 8*q + 4. Let l be h(8). Suppose -j = -3*k + 4, l*j - 3*k = -7*k + 48. What is the units digit of j?
8
Let h be -1 + (-2)/(-2) + 135. Suppose -15 = 5*j - h. What is the units digit of j?
4
Let y be 1*(-1 - 7)*1. Let b(j) = -3*j + 14. What is the units digit of b(y)?
8
Let o(z) = -10*z + 9. What is the tens digit of o(-6)?
6
Let a be (71/(-4))/(2/8). Let p = a - -102. What is the units digit of p?
1
Suppose -f = f + 2. Let c be 1 + f + (-3)/(-1). Suppose 3*q = -x + 1 + 22, 0 = -4*q - c*x + 29. What is the units digit of q?
8
Suppose 792 = -2*l + 8*l. What is the tens digit of l?
3
Let d(i) = 11*i**2 - i - 11. What is the units digit of d(4)?
1
What is the units digit of 6/(-4)*(-224)/24?
4
Let t = -145 + 95. What is the units digit of (-8)/14 - t/14?
3
Suppose -j = -5, 5*g + j - 7 = 3*g. Let n be 6 - (3 - 2) - g. Suppose 0 = -n*s - s + 75. What is the tens digit of s?
1
Let m(h) = 2*h**2 + 9*h - 14. What is the units digit of m(5)?
1
Let w = -831 - -1164. What is the hundreds digit of w?
3
Let m(a) = -2*a**3 + 3*a**2 - 2*a + 4. What is the tens digit of m(-3)?
9
Let s = 15 + -20. Let z = 10 - s. What is the tens digit of z?
1
Let o = 80 + -58. What is the units digit of o?
2
Suppose -4*v + 5*d + 17 = 0, 7*v - 2*v - 3*d = 18. Let l be (3 + 3/v)/2. Suppose 5*w - 12 = -l*a + 8, w - 4*a = -18. What is the units digit of w?
2
Suppose p = -0*p - 1. What is the tens digit of (12 + -11)/(p/(-32))?
3
Let r = -3 + 6. Suppose -r*m = -5 - 25. What is the units digit of (-2 + m/6)*-15?
5
Suppose 0*y - 26 = -5*q + 2*y, 0 = -q - 3*y - 5. Let k = q + -1. Suppose 46 = 3*s - 5*d, k*d + 35 + 8 = 4*s. What is the units digit of s?
7
What is the hundreds digit of 4294/12 + (-2 - 39/(-18))?
3
Suppose -2*v + 3*n - 195 = 0, -204 - 161 = 4*v - n. What is the units digit of (-12)/v + (-463)/(-15)?
1
Suppose 12*l - 1232 = 424. What is the units digit of l?
8
Let o(i) = -i**3 + 6*i**2 - 5*i + 3. Let n be (-42)/(-8) - (-7)/(-28). Suppose -4*j + n*t = -15, j - 8 = -3*t - 0. What is the units digit of o(j)?
3
Let r(w) be the second derivative of -w**3/6 + 5*w**2/2 + 3*w. Let v be r(5). What is the units digit of (1 + (v - 0))*5?
5
What is the units digit of ((3 - -50)*1)/1?
3
Let t be (1 - -1) + 0 + 66. Let a = t - 47. What is the tens digit of a?
2
Let h(w) be the second derivative of w**5/60 + 7*w**4/24 - w**3/2 + w**2/2 - w. Let j(k) be the first derivative of h(k). What is the units digit of j(-8)?
5
Let u(n) be the first derivative of 2 - 11*n + 8/3*n**3 - n**2 + 1/4*n**4. What is the units digit of u(-8)?
5
Suppose -70 = -4*v - v. What is the tens digit of v?
1
Let r(x) = -3*x + 24. What is the tens digit of r(-9)?
5
Suppose 3*y - 34 - 47 = 0. What is the tens digit of y?
2
Suppose 3*z - 5*m + 1 = 0, -4*z - 3*m - 13 = -2. Suppose 0 = 9*a - 4*a - 60. Let t = z + a. What is the tens digit of t?
1
Let h(q) = q**3 + 5*q**2 + 4*q + 3. Let v be h(-4). Suppose 0 = 4*y - v*m - 26, -2*m - m + 46 = 5*y. What is the units digit of y?
8
Let i be (26/(-8))/((-3)/12). Let j(d) = d**2 - 8*d - 9. Let s be j(11). Let o = s - i. What is the tens digit of o?
1
Let j be (-36)/(-1) + -2 - -2. Let q = -24 + j. What is the units digit of q?
2
Let u(t) = -8*t + 6. Let z(a) = 8*a - 5. Let x(v) = 4*u(v) + 5*z(v). Let d be x(1). Suppose p - 3 = d. What is the tens digit of p?
1
Let h = -3 + 41. What is the tens digit of h?
3
Let x(j) = 7*j**3 - j**2 - j - 9. Let w(m) = -4*m**3 + m**2 + 5. Let c(h) = -5*w(h) - 3*x(h). What is the units digit of c(-3)?
2
What is the units digit of (-57)/((-5)/(20/6))?
8
Suppose -b + 120 = 5*c - 6*b, 3*b = 4*c - 93. Let v = c - 12. What is the units digit of v?
9
Let b(s) = -5*s + 1. Let g be b(1). Let d be (g/(-10))/(-1)*-5. Suppose -w + 18 = d*w. What is the units digit of w?
6
Let o = -6 + 17. What is the tens digit of o?
1
Let n(h) = -h**3 - 2*h**2 + 3*h + 2. Let x be n(-3). Let s be (x + -5)*9/3. Let k = 9 - s. What is the units digit of k?
8
Let l = 38 - 39. Suppose 0 = -3*a - 2*x + 19, -5 = -5*a + 4*x + 12. Let q = a + l. What is the units digit of q?
4
Let y(t) = t**2 - 3*t + 2. Let s = 5 + -7. Let p(h) = -h**3 + 3*h + 1. Let z be p(s). What is the units digit of y(z)?
2
Let o(v) = -v. Let t be o(0). Suppose 4*z - 12 + t = 0. What is the units digit of z?
3
Let d be (-567)/(-45) + 4/10. Suppose 5*v - 93 + d = 0. What is the tens digit of v?
1
Suppose 3*o = -o - 120. Let p = o + 55. What is the units digit of p?
5
Suppose 4*d + 1 = 5. Let l = d - 3. Let y = 12 - l. What is the units digit of y?
4
Suppose 3*p = 1 + 26. Suppose 6*x = 123 - p. What is the tens digit of x?
1
Suppose -3*i + 99 = -30. What is the units digit of i?
3
Let q = -103 - -153. Let z = q + -26. What is the units digit of z?
4
Suppose -4*n + 8*n - 3*i - 1107 = 0, 0 = 3*n + i - 840. What is the hundreds digit of n?
2
Suppose 12 = 7*w - 3*w. What is the units digit of w?
3
Let i = 10 + -6. Suppose -i*f = f - 75. Let q = 22 - f. What is the units digit of q?
7
Let u(y) = y - 10. Let z be u(10). Suppose z = 3*q + 2*q - 5. What is the units digit of (26/2)/1 - q?
2
Let t = 25 - -30. What is the tens digit of t?
5
Let g(w) = 2*w + 7*w**2 - 6*w**3 + 4*w**3 - 1 + 0*w**3 + w**3. What is the tens digit of g(7)?
1
Let q(u) = 3*u - 2. Let k be q(2). Suppose 39 = 4*f + 5*j, -j = k*f - 13 - 14. What is the units digit of 2*(3/f - -2)?
5
Let t = 4 + -2. Suppose -t*p = 3*c - 15, -23 = -5*p - c + 21. What is the units digit of p?
9
Suppose -2*h - 5*t = -h - 40, h - 2*t - 40 = 0. What is the units digit of h?
0
Let t be ((-36)/(-27))/(4/6). Suppose -2*p + 36 = j + t*j, -3*p - 5*j = -54. What is the tens digit of p?
1
Let a = 22 - 16. Suppose a + 0 = 2*k. What is the units digit of 1*(k + 1)/2?
2
Let u(g) = 4*g - 2 - g**2 + 6 - 2*g**3 - 2 - g. What is the units digit of u(-2)?
8
Let r(k) = 13*k + 8. Let t(v) = -9*v - 5. Let u(c) = -5*r(c) - 7*t(c). Suppose 2*a - 6 = 3*a. What is the units digit of u(a)?
7
Let z be 3*(-1 - 64/3). Let p be -4 + 1/(-5) + 408/(-10). Let q = p - z. What is the units digit of q?
2
Suppose 0 = -2*d - 1 + 5. Suppose 0 = -0*k - d*k + 24. What is the tens digit of k?
1
Let p = -62 - -90. Suppose -3*h + 3*z - 4 = -p, -3*h + 22 = -4*z. What is the tens digit of h?
1
Let t(r) = -4*r**3 - 2*r**2 + 2*r + 2. Let o(x) = -x**2 - 2*x + 6. Let p be o(-4). What is the tens digit of t(p)?
2
Let n = 4 - 2. Suppose -4*b - 56 = -2*f, b + 5 - n = 0. What is the units digit of f?
2
Suppose -6*j - 1550 = -11*j. What is the units digit of j?
0
Let g = 4 + -2. Suppose -4*l = 3*m, 5*m - l - g*l = 0. Suppose m*f = -f + 7. What is the units digit of f?
7
Let k = 0 + 2. Suppose -5*n + 4*w + 47 = 0, k*w + 18 - 47 = -5*n. What is the units digit of n?
7
Let u(m) = 2*m - 2. Let c be u(5). Let b = -5 + c. Suppose f = -b*f + 24. What is the units digit of f?
6
Let z(n) = -n**2 - 11*n - 9. What is the tens digit of z(-6)?
2
What is the units digit of (-740)/6*(-54)/45?
8
Let d be 30/(-195) - (-54)/1